sor of 220 and 583?
11
Calculate the highest common divisor of 180 and 108.
36
What is the greatest common factor of 23 and 138?
23
Calculate the highest common factor of 900 and 525.
75
Calculate the greatest common factor of 16 and 376.
8
Calculate the highest common factor of 6266 and 1205.
241
Calculate the greatest common divisor of 94 and 2.
2
What is the greatest common divisor of 426 and 213?
213
Calculate the highest common divisor of 20 and 530.
10
What is the greatest common divisor of 204 and 51?
51
Calculate the highest common divisor of 64 and 112.
16
What is the highest common factor of 707 and 7?
7
What is the greatest common factor of 11174 and 906?
302
Calculate the highest common factor of 102 and 6783.
51
Calculate the highest common factor of 1862 and 35.
7
Calculate the greatest common divisor of 36 and 336.
12
What is the greatest common divisor of 6 and 10?
2
What is the highest common divisor of 576 and 132?
12
Calculate the greatest common factor of 21 and 4011.
21
What is the greatest common divisor of 64 and 128?
64
What is the highest common factor of 684 and 76?
76
Calculate the highest common factor of 7519 and 73.
73
What is the highest common divisor of 46 and 56166?
46
What is the greatest common factor of 378 and 2538?
54
Calculate the highest common divisor of 2822 and 1020.
34
What is the greatest common divisor of 1780 and 9078?
178
Calculate the greatest common divisor of 140 and 30.
10
What is the greatest common factor of 225 and 315?
45
Calculate the greatest common divisor of 40 and 40.
40
What is the greatest common divisor of 21 and 651?
21
What is the highest common divisor of 184 and 16?
8
What is the greatest common factor of 920 and 1012?
92
What is the highest common divisor of 1681 and 1148?
41
What is the greatest common divisor of 2187 and 108?
27
What is the highest common divisor of 98 and 343?
49
What is the highest common divisor of 38 and 38?
38
Calculate the highest common factor of 148 and 851.
37
What is the highest common divisor of 4668 and 6?
6
Calculate the highest common factor of 1169 and 2171.
167
What is the greatest common factor of 1751 and 102?
17
Calculate the greatest common factor of 55 and 11.
11
Calculate the greatest common factor of 85930 and 10.
10
What is the highest common divisor of 54 and 582?
6
What is the greatest common factor of 7067 and 185?
37
Calculate the greatest common factor of 70 and 9205.
35
Calculate the highest common factor of 640 and 544.
32
What is the highest common factor of 196 and 28?
28
What is the greatest common factor of 126 and 42?
42
What is the highest common factor of 782 and 1863?
23
Calculate the highest common factor of 253 and 33.
11
What is the highest common factor of 833 and 588?
49
What is the highest common factor of 248 and 713?
31
Calculate the highest common factor of 14521 and 65.
13
Calculate the greatest common factor of 16785 and 45.
45
Calculate the highest common divisor of 100 and 220.
20
What is the greatest common divisor of 96 and 2400?
96
Calculate the highest common factor of 8820 and 28.
28
Calculate the greatest common divisor of 35 and 6685.
35
What is the highest common divisor of 10 and 90?
10
Calculate the greatest common factor of 187 and 2091.
17
Calculate the highest common factor of 356 and 52.
4
What is the highest common factor of 80 and 520?
40
Calculate the highest common factor of 11 and 539.
11
What is the highest common factor of 81 and 4077?
27
What is the highest common divisor of 473 and 43?
43
What is the highest common factor of 30 and 18?
6
Calculate the highest common factor of 20 and 80.
20
Calculate the highest common divisor of 22 and 374.
22
Calculate the highest common factor of 434 and 1054.
62
Calculate the highest common factor of 201 and 536.
67
Calculate the highest common factor of 36 and 288.
36
What is the greatest common divisor of 12060 and 10?
10
What is the greatest common factor of 216 and 96?
24
What is the greatest common divisor of 232 and 406?
58
Calculate the greatest common divisor of 250 and 300.
50
What is the greatest common factor of 198 and 77?
11
Calculate the highest common divisor of 4356 and 252.
36
Calculate the highest common divisor of 800 and 22100.
100
What is the greatest common factor of 24063 and 39?
39
Calculate the greatest common factor of 1750 and 9750.
250
Calculate the highest common divisor of 408 and 3808.
136
What is the highest common factor of 238 and 2482?
34
What is the highest common divisor of 5 and 8?
1
What is the greatest common factor of 16 and 32?
16
What is the highest common factor of 63 and 441?
63
Calculate the greatest common divisor of 55 and 2915.
55
Calculate the greatest common factor of 1196 and 23.
23
Calculate the highest common divisor of 102 and 544.
34
Calculate the greatest common factor of 36 and 225.
9
Calculate the highest common factor of 1690 and 70.
10
Calculate the highest common divisor of 41 and 5.
1
Calculate the greatest common factor of 2628 and 36.
36
Calculate the greatest common divisor of 370 and 74.
74
Calculate the highest common factor of 754 and 26.
26
Calculate the highest common factor of 492 and 132.
12
Calculate the highest common divisor of 49 and 91.
7
Calculate the greatest common divisor of 368 and 40.
8
What is the highest common divisor of 6066 and 36?
18
Calculate the highest common factor of 57 and 21.
3
What is the highest common divisor of 25795 and 770?
385
What is the greatest common factor of 128 and 288?
32
Calculate the greatest common factor of 576 and 1044.
36
Calculate the greatest common factor of 76 and 1444.
76
Calculate the highest common divisor of 96 and 736.
32
What is the greatest common factor of 109 and 1?
1
What is the highest common divisor of 1740 and 1566?
174
What is the highest common factor of 5983 and 713?
31
Calculate the highest common divisor of 726 and 12.
6
What is the greatest common factor of 528 and 363?
33
Calculate the highest common factor of 105 and 147.
21
What is the greatest common factor of 14536 and 184?
184
What is the highest common divisor of 5 and 405?
5
Calculate the greatest common factor of 2 and 22.
2
What is the greatest common divisor of 3916 and 44?
44
What is the highest common factor of 17 and 204?
17
What is the highest common factor of 1280 and 20?
20
What is the greatest common divisor of 39024 and 72?
72
What is the highest common factor of 213 and 1136?
71
What is the greatest common divisor of 4 and 17424?
4
What is the highest common divisor of 2651 and 22?
11
What is the greatest common factor of 12670 and 560?
70
What is the greatest common divisor of 74 and 7141?
37
What is the greatest common divisor of 567 and 81?
81
What is the highest common divisor of 3756 and 2191?
313
What is the greatest common divisor of 30 and 168?
6
What is the highest common divisor of 20923 and 244?
61
Calculate the highest common divisor of 147 and 1974.
21
Calculate the greatest common factor of 22 and 1078.
22
Calculate the greatest common divisor of 360 and 18.
18
Calculate the greatest common factor of 2070 and 645.
15
Calculate the highest common divisor of 15 and 265.
5
Calculate the greatest common divisor of 231 and 189.
21
Calculate the highest common divisor of 2232 and 72.
72
What is the highest common divisor of 110 and 209?
11
What is the greatest common factor of 856 and 7918?
214
Calculate the highest common factor of 253 and 23.
23
Calculate the greatest common divisor of 22 and 2816.
22
Calculate the highest common divisor of 24 and 3948.
12
Calculate the greatest common factor of 5 and 115.
5
What is the greatest common divisor of 82 and 1517?
41
Calculate the greatest common factor of 63 and 378.
63
What is the greatest common factor of 12596 and 67?
67
Calculate the highest common divisor of 32 and 136.
8
Calculate the highest common factor of 533 and 205.
41
Calculate the highest common factor of 1599 and 117.
39
What is the greatest common factor of 138 and 12?
6
What is the greatest common factor of 3108 and 644?
28
Calculate the greatest common divisor of 31 and 899.
31
What is the highest common factor of 11 and 1034?
11
Calculate the greatest common factor of 513 and 108.
27
Calculate the greatest co